{"id":811,"date":"2011-02-23T12:06:03","date_gmt":"2011-02-23T11:06:03","guid":{"rendered":"http:\/\/nblok306.ftn.uns.ac.rs\/~zoran\/?page_id=811"},"modified":"2023-03-16T23:26:45","modified_gmt":"2023-03-16T22:26:45","slug":"arhitektura","status":"publish","type":"page","link":"https:\/\/nblok306.ftn.uns.ac.rs\/~zoran\/?page_id=811","title":{"rendered":"Arhitektura"},"content":{"rendered":"<h1>Arhitektonski odsek FTN Novi Sad<\/h1>\n<h2>Matematika<\/h2>\n<h3>Generacija 2012\/13<\/h3>\n<p>&nbsp;<\/p>\n<p>Zadaci koji se rade na ve\u017ebama bi\u0107e ukucavani o <a title=\"Zadaci sa ve\u017ebi\" href=\".\/vezbe\/vezbe_2012_13.pdf\">ovom fajlu<\/a>.<\/p>\n<h3><\/h3>\n<h3>Generacija 2011\/12<\/h3>\n<p>&nbsp;<\/p>\n<p>Zadaci koji se rade na ve\u017ebama bi\u0107e ukucavani o <a title=\"Zadaci sa ve\u017ebi\" href=\".\/vezbe\/vezbe_2011_12.pdf\">ovom fajlu<\/a>.<\/p>\n<p>Sajt na kome Profesorica Sladoje dr\u017ei materijal vezan za ovaj predmet je <a title=\"Sladoje dr Nata\u0161a, Matematika, Arhitektonski  odsek\" href=\"http:\/\/imft.ftn.uns.ac.rs\/math\/sladoje\/Matematika\">ovde<\/a>.\u00a0Obratite pa\u017enju na <strong>va\u017eno obave\u0161tenje<\/strong>.<\/p>\n<p>Bodova osvojeni na prvom ulaznom kolokvijumu su <a title=\"Osvojeni bodovi\" href=\"http:\/\/imft.ftn.uns.ac.rs\/math\/sladoje\/uploads\/Main\/Arh_Rezultati_UlazniKol_29.9.2011.pdf\">ovde<\/a>.<\/p>\n<p>Bodova osvojeni na drugom ulaznom kolokvijumu su\u00a0<a title=\"Osvojeni bodovi, drugu ulazni kolokvijum\" href=\"http:\/\/imft.ftn.uns.ac.rs\/math\/sladoje\/uploads\/Main\/Arh_Rezultati_UlazniKol_27.10.2011.pdf\">ovde<\/a>.<\/p>\n<p>Bodova osvojeni prvom kolokvijumu su\u00a0<a title=\"Osvojeni bodovi, prvi kolokvijum\" href=\"http:\/\/imft.ftn.uns.ac.rs\/math\/sladoje\/uploads\/Main\/Arh_Rezultati_Prvi%20Test%20i%20Kol_10.11.2011.pdf\">ovde<\/a>.<\/p>\n<p>Raspored \u010dasova sa sajta FTN je <a title=\"Raspored \u010dasova na Arhitektonskom odseku FTN\" href=\"http:\/\/www.ftn.uns.ac.rs\/rasp_pred\/RASPOREDI\/arh.pdf\">ovde<\/a>.<\/p>\n<p>Trigonometrijski krug i vrednosti trigonometrijskih funkcija su <a title=\"Trigonometrijski krug i vrednosti trigonometrijskih funkcija\" href=\".\/vezbe\/trig_krug-color.pdf\">ovde<\/a>.<\/p>\n<p><a title=\"Tablica prvih izvoda i integrala\" href=\"\/~zoran\/vezbe\/tablica.pdf\">Tablica <\/a>prvih izvoda i integrala.<\/p>\n","protected":false},"excerpt":{"rendered":"<p>Arhitektonski odsek FTN Novi Sad Matematika Generacija 2012\/13 &nbsp; Zadaci koji se rade na ve\u017ebama bi\u0107e ukucavani o ovom fajlu. Generacija 2011\/12 &nbsp; Zadaci koji se rade na ve\u017ebama bi\u0107e ukucavani o ovom fajlu. Sajt na kome Profesorica Sladoje dr\u017ei materijal vezan za ovaj predmet je ovde.\u00a0Obratite pa\u017enju na va\u017eno obave\u0161tenje. Bodova osvojeni na prvom [&hellip;]<\/p>\n","protected":false},"author":1,"featured_media":0,"parent":88,"menu_order":19,"comment_status":"closed","ping_status":"closed","template":"","meta":{"ngg_post_thumbnail":0,"footnotes":""},"class_list":["post-811","page","type-page","status-publish","hentry"],"_links":{"self":[{"href":"https:\/\/nblok306.ftn.uns.ac.rs\/~zoran\/index.php?rest_route=\/wp\/v2\/pages\/811","targetHints":{"allow":["GET"]}}],"collection":[{"href":"https:\/\/nblok306.ftn.uns.ac.rs\/~zoran\/index.php?rest_route=\/wp\/v2\/pages"}],"about":[{"href":"https:\/\/nblok306.ftn.uns.ac.rs\/~zoran\/index.php?rest_route=\/wp\/v2\/types\/page"}],"author":[{"embeddable":true,"href":"https:\/\/nblok306.ftn.uns.ac.rs\/~zoran\/index.php?rest_route=\/wp\/v2\/users\/1"}],"replies":[{"embeddable":true,"href":"https:\/\/nblok306.ftn.uns.ac.rs\/~zoran\/index.php?rest_route=%2Fwp%2Fv2%2Fcomments&post=811"}],"version-history":[{"count":13,"href":"https:\/\/nblok306.ftn.uns.ac.rs\/~zoran\/index.php?rest_route=\/wp\/v2\/pages\/811\/revisions"}],"predecessor-version":[{"id":813,"href":"https:\/\/nblok306.ftn.uns.ac.rs\/~zoran\/index.php?rest_route=\/wp\/v2\/pages\/811\/revisions\/813"}],"up":[{"embeddable":true,"href":"https:\/\/nblok306.ftn.uns.ac.rs\/~zoran\/index.php?rest_route=\/wp\/v2\/pages\/88"}],"wp:attachment":[{"href":"https:\/\/nblok306.ftn.uns.ac.rs\/~zoran\/index.php?rest_route=%2Fwp%2Fv2%2Fmedia&parent=811"}],"curies":[{"name":"wp","href":"https:\/\/api.w.org\/{rel}","templated":true}]}}