{"id":3267,"date":"2022-03-05T09:39:21","date_gmt":"2022-03-05T08:39:21","guid":{"rendered":"https:\/\/nblok306.ftn.uns.ac.rs\/~zoran\/?page_id=3267"},"modified":"2026-02-26T11:47:34","modified_gmt":"2026-02-26T10:47:34","slug":"e9-22-eai001-matematicke-osnove-masinskog-ucenja","status":"publish","type":"page","link":"https:\/\/nblok306.ftn.uns.ac.rs\/~zoran\/?page_id=3267","title":{"rendered":"E9.22.EAI001 Matemati\u010dke osnove ma\u0161inskog u\u010denja, MAS Ve\u0161ta\u010dka inteligencija i ma\u0161insko u\u010denje"},"content":{"rendered":"\n<figure class=\"wp-block-table\"><table><tbody><tr><td><strong>SEMESTAR<\/strong><\/td><td>1<\/td><\/tr><tr><td><strong>ESPB<\/strong><\/td><td>6<\/td><\/tr><tr><td><strong>FOND \u010cASOVA<\/strong><\/td><td>3+1+2<\/td><\/tr><\/tbody><\/table><\/figure>\n\n\n\n<h3 class=\"wp-block-heading\">Sadr\u017eaj<\/h3>\n\n\n\n<h4 class=\"wp-block-heading\">1 Linearna algebra<\/h4>\n\n\n\n<p>1.1 Vektorski prostori, nezavisnost, baza<br \/>1.2 Linearne transformacije<br \/>1.3 Matrice, rang, sistemi linearnih jedna\u010dina<br \/>1.4 Norme, unutra\u0161nji proizvodi, du\u017eine, uglovi<br \/>1.5 Ortonormirana baza, ortogonalni komplement<br \/>1.6 Ortogonalne projekcije, rotacije<br \/>1.7 Unutra\u0161nji proizvodi funkcija<br \/>1.7 Determinanta i trag<br \/>1.8 Karakteristi\u010dni koreni i vektori<br \/>1.9 Cholesky dekompozicija<br \/>1.10 Dijagonalizacija<br \/>1.11 SVD<\/p>\n\n\n\n<h4 class=\"wp-block-heading\">2 Vektorski ra\u010dun sa funkcijama vi\u0161e promenljivih<\/h4>\n\n\n\n<p>2.1 Parcijalni izvodi i gradijenti<br \/>2.2 Gradijenti vektorskih funkcija i matrica<br \/>2.3 Korisni identiteti za ra\u010dunanje gradijenata<br \/>2.4 Izvodi vi\u0161eg reda i Tejlorova formula<br \/>2.5 Optimizacija gradijentnim iterativnim postupkom<\/p>\n\n\n\n<h4 class=\"wp-block-heading\">3 Slu\u010dajne promenljive i linearna regresija<\/h4>\n\n\n\n<p>3.1 Prostor verovatno\u0107e i slu\u010dajne promenljive<br \/>3.2 Va\u017ene raspodele i numeri\u010dke karakteristike slu\u010dajnih promenljivih<br \/>3.3 Ocene parametara, ta\u010dkaste i intervalne, Metod maksimalne verodostojnosti<br \/>3.4 Linearna regresija najmanjih kvadrata i Jednostavni linearni model<br \/>3.5 Slu\u010dajni vektori, vi\u0161edimenzionalne slu\u010dajne promenljive<br \/>3.6 Op\u0161ti linearni modeli<\/p>\n\n\n\n<h3 class=\"wp-block-heading\">Na\u010din polaganja<\/h3>\n\n\n\n<p>Predmet se sastoji iz zadataka koji se pola\u017eu pismeno i teorije koja se pola\u017ee na usmenom delu.<\/p>\n\n\n\n<p>Pismeni delovi se pola\u017eu u toku slu\u0161anja nastave preko kolokvijuma i u svakom ispitnom roku u terminu za koji je prijavljen ispit.<\/p>\n\n\n\n<p>Va\u017eenje pismenog dela polo\u017eenog preko kolokvijuma je do kraja kalendarske godine u kojoj je odslu\u0161an predmet ili do poni\u0161tavanja izlaskom na pismeni ispit i re\u0161avanjem zadataka iz odgovaraju\u0107eg dela.<\/p>\n\n\n\n<p>Va\u017eenje pismenog dela polo\u017eenog u ispitnom roku je do usmenog ispita u tom roku, najdu\u017ee 7 dana.<\/p>\n\n\n\n<p>Postoji minimalan broj bodova koji se mora osvojiti da bi se neki deo pismenog ispita ra\u010dunao kao polo\u017een.<\/p>\n\n\n\n<p>Usmeni ispit se odr\u017eava par dana posle pismenog ispita, u terminu dogovorenom na pismenom ispitu. Na usmeni ispit su pozvani studenti koji su prijavili ispit u tom roku i imaju polo\u017eene pismene delove.<\/p>\n\n\n\n<p>Ocene se formiraju na osnovu osvojenih bodova, u skladu sa Statutom FTN-a: 51+ -&gt; 6, 61+ -&gt; 7, &#8230;<\/p>\n\n\n\n<figure class=\"wp-block-table\"><table><tbody><tr><td>&nbsp;<\/td><td class=\"has-text-align-center\" data-align=\"center\">Deo1<\/td><td class=\"has-text-align-center\" data-align=\"center\">Deo2<\/td><td class=\"has-text-align-center\" data-align=\"center\">Deo3<\/td><td class=\"has-text-align-center\" data-align=\"center\">Usmeni<\/td><td class=\"has-text-align-center\" data-align=\"center\">suma<\/td><\/tr><tr><td>MAX<\/td><td class=\"has-text-align-center\" data-align=\"center\">25<\/td><td class=\"has-text-align-center\" data-align=\"center\">20<\/td><td class=\"has-text-align-center\" data-align=\"center\">25<\/td><td class=\"has-text-align-center\" data-align=\"center\">10+10+10<\/td><td class=\"has-text-align-center\" data-align=\"center\">100<\/td><\/tr><tr><td>MIN<\/td><td class=\"has-text-align-center\" data-align=\"center\">15<\/td><td class=\"has-text-align-center\" data-align=\"center\">10<\/td><td class=\"has-text-align-center\" data-align=\"center\">10<\/td><td class=\"has-text-align-center\" data-align=\"center\">0<\/td><td class=\"has-text-align-center\" data-align=\"center\">51<\/td><\/tr><\/tbody><\/table><\/figure>\n\n\n\n<p>Stanje bodova posle 19. II 2026.<\/p>\n\n\n\n<figure class=\"wp-block-table\"><table class=\"has-fixed-layout\"><tbody><tr><td><strong>brind<\/strong><\/td><td>Kol1<\/td><td>Kol2<\/td><td>Kol3<\/td><\/tr><tr><td>E9-05\/2021<\/td><td>15<\/td><td>20<\/td><td><\/td><\/tr><tr><td>E9-01\/2024<\/td><td>23<\/td><td>20<\/td><td><\/td><\/tr><tr><td>E9-02\/2024<\/td><td><\/td><td><\/td><td><\/td><\/tr><tr><td>E9-03\/2024<\/td><td>19<\/td><td><\/td><td><\/td><\/tr><tr><td>E9-04\/2024<\/td><td><\/td><td><\/td><td><\/td><\/tr><tr><td>E9-05\/2024<\/td><td><\/td><td><\/td><td><\/td><\/tr><tr><td>E9-06\/2024<\/td><td>10<\/td><td><\/td><td><\/td><\/tr><tr><td>E9-09\/2024<\/td><td>15<\/td><td>20<\/td><td>25<\/td><\/tr><tr><td>E9-10\/2024<\/td><td><\/td><td><\/td><td>23<\/td><\/tr><tr><td>E9-12\/2024<\/td><td>12<\/td><td><\/td><td><\/td><\/tr><tr><td>E9-13\/2024<\/td><td>23<\/td><td><\/td><td><\/td><\/tr><tr><td>E9-14\/2024<\/td><td><\/td><td><\/td><td><\/td><\/tr><tr><td>E9-01\/2025<\/td><td><\/td><td>20<\/td><td>22<\/td><\/tr><tr><td>E9-02\/2025<\/td><td>18<\/td><td><\/td><td><\/td><\/tr><tr><td>E9-03\/2025<\/td><td><\/td><td><\/td><td><\/td><\/tr><tr><td>E9-04\/2025<\/td><td><\/td><td><\/td><td><\/td><\/tr><tr><td>E9-05\/2025<\/td><td>24<\/td><td>20<\/td><td>25<\/td><\/tr><tr><td>E9-06\/2025<\/td><td><\/td><td>20<\/td><td>22<\/td><\/tr><tr><td>E9-07\/2025<\/td><td><\/td><td><\/td><td><\/td><\/tr><tr><td>E9-08\/2025<\/td><td>16<\/td><td>20<\/td><td>25<\/td><\/tr><tr><td>E9-09\/2025<\/td><td><\/td><td><\/td><td><\/td><\/tr><tr><td>E9-10\/2025<\/td><td><\/td><td><\/td><td><\/td><\/tr><tr><td>E9-11\/2025<\/td><td>23<\/td><td>20<\/td><td>22<\/td><\/tr><\/tbody><\/table><\/figure>\n","protected":false},"excerpt":{"rendered":"<p>SEMESTAR 1 ESPB 6 FOND \u010cASOVA 3+1+2 Sadr\u017eaj 1 Linearna algebra 1.1 Vektorski prostori, nezavisnost, baza1.2 Linearne transformacije1.3 Matrice, rang, sistemi linearnih jedna\u010dina1.4 Norme, unutra\u0161nji proizvodi, du\u017eine, uglovi1.5 Ortonormirana baza, ortogonalni komplement1.6 Ortogonalne projekcije, rotacije1.7 Unutra\u0161nji proizvodi funkcija1.7 Determinanta i trag1.8 Karakteristi\u010dni koreni i vektori1.9 Cholesky dekompozicija1.10 Dijagonalizacija1.11 SVD 2 Vektorski ra\u010dun sa funkcijama vi\u0161e [&hellip;]<\/p>\n","protected":false},"author":1,"featured_media":0,"parent":3119,"menu_order":2,"comment_status":"closed","ping_status":"closed","template":"","meta":{"ngg_post_thumbnail":0,"footnotes":""},"class_list":["post-3267","page","type-page","status-publish","hentry"],"_links":{"self":[{"href":"https:\/\/nblok306.ftn.uns.ac.rs\/~zoran\/index.php?rest_route=\/wp\/v2\/pages\/3267","targetHints":{"allow":["GET"]}}],"collection":[{"href":"https:\/\/nblok306.ftn.uns.ac.rs\/~zoran\/index.php?rest_route=\/wp\/v2\/pages"}],"about":[{"href":"https:\/\/nblok306.ftn.uns.ac.rs\/~zoran\/index.php?rest_route=\/wp\/v2\/types\/page"}],"author":[{"embeddable":true,"href":"https:\/\/nblok306.ftn.uns.ac.rs\/~zoran\/index.php?rest_route=\/wp\/v2\/users\/1"}],"replies":[{"embeddable":true,"href":"https:\/\/nblok306.ftn.uns.ac.rs\/~zoran\/index.php?rest_route=%2Fwp%2Fv2%2Fcomments&post=3267"}],"version-history":[{"count":14,"href":"https:\/\/nblok306.ftn.uns.ac.rs\/~zoran\/index.php?rest_route=\/wp\/v2\/pages\/3267\/revisions"}],"predecessor-version":[{"id":3946,"href":"https:\/\/nblok306.ftn.uns.ac.rs\/~zoran\/index.php?rest_route=\/wp\/v2\/pages\/3267\/revisions\/3946"}],"up":[{"embeddable":true,"href":"https:\/\/nblok306.ftn.uns.ac.rs\/~zoran\/index.php?rest_route=\/wp\/v2\/pages\/3119"}],"wp:attachment":[{"href":"https:\/\/nblok306.ftn.uns.ac.rs\/~zoran\/index.php?rest_route=%2Fwp%2Fv2%2Fmedia&parent=3267"}],"curies":[{"name":"wp","href":"https:\/\/api.w.org\/{rel}","templated":true}]}}